602734.
2, 19, 5068493
List the prime factors of 125077287.
3, 331, 125959
List the prime factors of 266140179.
3, 47, 593, 1061
What are the prime factors of 368997949?
368997949
What are the prime factors of 438524796?
2, 3, 36543733
What are the prime factors of 83523034?
2, 7, 307, 19433
List the prime factors of 50342600.
2, 5, 7, 11, 467
What are the prime factors of 1209988388?
2, 7, 4889, 8839
List the prime factors of 63273952.
2, 7, 19, 14867
List the prime factors of 412598070.
2, 3, 5, 1528141
List the prime factors of 540770850.
2, 3, 5, 17, 23563
What are the prime factors of 82581788?
2, 67, 308141
List the prime factors of 7694478811.
19, 23, 71, 247993
What are the prime factors of 1165334278?
2, 582667139
What are the prime factors of 277351320?
2, 3, 5, 283, 8167
What are the prime factors of 12324217?
19, 29, 22367
List the prime factors of 1501693241.
1501693241
What are the prime factors of 899260649?
7, 128465807
What are the prime factors of 536231646?
2, 3, 17, 773, 2267
What are the prime factors of 73507593?
3, 24502531
What are the prime factors of 991280962?
2, 7, 3823, 18521
What are the prime factors of 4865086148?
2, 13, 359, 20047
List the prime factors of 135712325.
5, 7, 631, 1229
What are the prime factors of 575934740?
2, 5, 31, 928927
List the prime factors of 1116373369.
89, 12543521
What are the prime factors of 317921145?
3, 5, 43, 492901
List the prime factors of 3241216724.
2, 37, 179, 122347
What are the prime factors of 6504562?
2, 3252281
What are the prime factors of 58819894?
2, 7, 600203
What are the prime factors of 69012787?
69012787
List the prime factors of 2400472.
2, 61, 4919
What are the prime factors of 172981549?
13, 29, 37, 12401
List the prime factors of 1843587405.
3, 5, 11, 461, 2693
List the prime factors of 64146182.
2, 32073091
What are the prime factors of 699216486?
2, 3, 116536081
List the prime factors of 1391924022.
2, 3, 231987337
List the prime factors of 977090841.
3, 1459, 74411
What are the prime factors of 1986647042?
2, 43, 47, 491501
List the prime factors of 2065174979.
7, 547, 539351
What are the prime factors of 29292752?
2, 37, 49481
What are the prime factors of 31263060?
2, 3, 5, 521051
What are the prime factors of 1592012067?
3, 4519, 117431
What are the prime factors of 2222106606?
2, 3, 191, 443, 1459
What are the prime factors of 1640695705?
5, 11, 1987, 15013
List the prime factors of 197782838.
2, 11, 263, 34183
What are the prime factors of 28541076?
2, 3, 2378423
What are the prime factors of 457070380?
2, 5, 13, 1757963
List the prime factors of 23377000.
2, 5, 97, 241
What are the prime factors of 6117644372?
2, 7, 61, 613, 5843
List the prime factors of 130426567.
17, 451303
What are the prime factors of 40589709?
3, 13529903
What are the prime factors of 58211971?
58211971
What are the prime factors of 119198046?
2, 3, 11, 1806031
What are the prime factors of 299511612?
2, 3, 23, 59, 6131
List the prime factors of 30165121.
7, 23, 187361
What are the prime factors of 84555929?
211, 400739
List the prime factors of 143506089.
3, 103, 154807
What are the prime factors of 2154978541?
641, 3361901
List the prime factors of 379793192.
2, 17, 997, 2801
List the prime factors of 6746989444.
2, 13, 17, 229, 33329
List the prime factors of 97343005.
5, 1913, 10177
What are the prime factors of 54730137?
3, 7, 11, 47, 71
List the prime factors of 46449139.
11, 4222649
List the prime factors of 113215129.
19, 5958691
List the prime factors of 210425797.
3923, 53639
What are the prime factors of 493405180?
2, 5, 269, 91711
What are the prime factors of 463514906?
2, 23, 1613, 6247
What are the prime factors of 276038515?
5, 709, 77867
What are the prime factors of 1526729993?
419, 3643747
List the prime factors of 968017301.
19, 50948279
List the prime factors of 681342909.
3, 13, 71, 241, 1021
What are the prime factors of 257670144?
2, 3, 73, 383
List the prime factors of 5152416.
2, 3, 191, 281
List the prime factors of 121751242.
2, 61, 997961
List the prime factors of 31949027.
11, 101, 149, 193
List the prime factors of 12750658.
2, 673, 9473
What are the prime factors of 270504736?
2, 8453273
What are the prime factors of 89314830?
2, 3, 5, 11, 90217
List the prime factors of 1502451392.
2, 13, 83, 21757
What are the prime factors of 6803532?
2, 3, 47, 4021
What are the prime factors of 2406831570?
2, 3, 5, 11, 13, 1889
What are the prime factors of 976894064?
2, 83, 149, 4937
List the prime factors of 2407284680.
2, 5, 60182117
What are the prime factors of 278119479?
3, 11, 67, 125789
List the prime factors of 40456398.
2, 3, 6742733
List the prime factors of 25892308.
2, 13, 497929
What are the prime factors of 238213966?
2, 119106983
List the prime factors of 384390881.
7, 19, 23, 125659
List the prime factors of 436002130.
2, 5, 1307, 33359
What are the prime factors of 86327239?
997, 86587
What are the prime factors of 253152232?
2, 31644029
List the prime factors of 110018673.
3, 12224297
What are the prime factors of 355392616?
2, 17, 73, 35797
What are the prime factors of 99378108?
2, 3, 103, 26801
List the prime factors of 6072414612.
2, 3, 11, 181, 254161
What are the prime factors of 74773494?
2, 3, 4154083
What are the prime factors of 3782589455?
5, 617, 941, 1303
List the prime factors of 830340359.
830340359
What are the prime factors of 23790764?
2, 31, 191861
What are the prime factors of 9660905?
5, 1932181
What are the prime factors of 4758786327?
3, 103, 223, 69061
List the prime factors of 6360250.
2, 5, 13, 19, 103
What are the prime factors of 42929075?
5, 7, 19, 12911
List the prime factors of 141531163.
61, 2320183
What are the prime factors of 718031352?
2, 3, 89, 336157
List the prime factors of 3529858.
2, 19, 4889
What are the prime factors of 11768088?
2, 3, 23, 21319
What are the prime factors of 2127604095?
3, 5, 43, 67, 16411
List the prime factors of 531895141.
531895141
List the prime factors of 248018001.
3, 7, 11, 19, 56509
List the prime factors of 38784545.
5, 7756909
List the prime factors of 1412660347.
7, 103, 113, 2477
What are the prime factors of 8026430?
2, 5, 802643
List the prime factors of 33550629.
3, 7, 23, 69463
List the prime factors of 192451161.
3, 7, 137, 151, 443
List the prime factors of 659329299.
3, 4157, 17623
What are the prime factors of 492627473?
13, 103, 233, 1579
What are the prime factors of 334625045?
5, 23, 293, 9931
List the prime factors of 149310747.
3, 523, 31721
List the prime factors of 17490545.
5, 19, 184111
List the prime factors of 3341158682.
2, 17, 37, 2655929
List the prime factors of 14926237.
73, 139, 1471
List the prime factors of 1863580936.
2, 7, 17, 279649
What are the prime factors of 6658503?
3, 107, 20743
List the prime factors of 1810229127.
3, 7, 86201387
What are the prime factors of 280952448?
2, 3, 7, 127, 823
List the prime factors of 439261460.
2, 5, 11, 181513
What are the prime factors of 28791985?
5, 53, 108649
List the prime factors of 450247178.
2, 3833, 58733
List the prime factors of 159031409.
47, 71, 47657
What are the prime factors of 4708033891?
11, 31, 127, 9883
List the prime factors of 122073626.
2, 379, 161047
List the prime factors of 183773105.
5, 23, 757, 2111
What are the prime factors of 185531090?
2, 5, 47, 394747
List the prime factors of 157629865.
5, 17, 83, 22343
List the prime factors of 243100697.
7, 17, 2042863
List the prime factors of 602557189.
13, 307, 150979
What are the prime factors of 832725663?
3, 7, 11, 37, 97429
What are the prime factors of 6448311930?
2, 3, 5, 214943731
What are the prime factors of 9514897892?
2, 17, 47, 83, 35869
What are the prime factors of 646027354?
2, 7, 163, 283097
What are the prime factors of 1520323410?
2, 3, 5, 107, 397, 1193
What are the prime factors of 209700480?
2, 3, 5, 11, 9929
List the prime factors of 76773100.
2, 5, 179, 4289
List the prime factors of 784077032.
2, 587, 166967
What are the prime factors of 93183930?
2, 3, 5, 7, 211, 701
List the prime factors of 91752524.
2, 22938131
What are the prime factors of 152505694?
2, 11, 47, 83, 1777
List the prime factors of 914156682.
2, 3, 1901, 80147
List the prime factors of 22656858.
2, 3, 7, 539449
List the prime factors